 = -2*i - 7*i, -5*j + 2593584 = i. Is j a composite number?
False
Let q(d) = -509*d - 5201. Is q(-12) prime?
True
Suppose -34*j + 1589259 = -212707. Is j a prime number?
True
Let w(o) = 564*o**2 + 14*o + 47. Is w(12) a composite number?
True
Suppose 3*w - 3*t - 18 = 0, 2*t + 2 = -5*w - t. Let h be 65/15 - (12/(-9))/w. Suppose 7*s + h*s - 3108 = 0. Is s a prime number?
False
Let f(d) = 2*d**3 + 2*d**2 + 19*d - 36. Let r be (0 + -11)*(-4 - -3). Is f(r) prime?
False
Suppose -11*k = -10*k - 15652. Suppose 89316 - k = 4*b. Suppose 9*x + 7*x = b. Is x prime?
True
Suppose 0 = -4*c + 13*c - 55206. Let q = 13353 - c. Is q prime?
True
Let w(k) = 30426*k + 1295. Is w(13) composite?
False
Let o(i) be the third derivative of i**4/12 + 8*i**3/3 - 46*i**2. Let y be o(-9). Is ((-1)/((-4)/(-7336)))/y prime?
False
Let n(w) = w**3 - 2*w**2 - 8*w + 3. Let f be n(4). Let b(v) = 1 + 1308*v**2 - 135*v**2 - f + 1 - v. Is b(1) prime?
True
Let b(c) = -12*c + 74. Let o be b(6). Is (o/(-8))/((-45)/3328740) a composite number?
False
Suppose -2*j - 1542220 = 298*g - 302*g, -3*j = -24. Is g composite?
False
Suppose 0 = 30*i + 47791 - 4745368 - 21153. Is i a composite number?
False
Let m(b) = 14*b - 17. Suppose -140 = -8*j + j. Suppose 3*o + o = j. Is m(o) a prime number?
True
Let q(b) = 59*b**2 - 60*b + 482. Is q(9) composite?
False
Let f(m) = 957*m**2 + 32*m + 16. Is f(9) prime?
False
Let p(v) = -v**2 - 5*v. Let k be p(-5). Suppose -s = 4*r - 4594 - 1968, k = -4*r - 2*s + 6560. Is r composite?
True
Is 1*(-1)/(-2) - (-31)/(1302/10090773) a prime number?
True
Let h(w) = 3*w - 12. Let c be h(2). Let f be (4/c)/((-20)/9330). Let z = -120 + f. Is z a prime number?
True
Suppose -4*l + 5*l = 2113. Let b be ((-16960)/5)/8*(-10)/8. Suppose -4*v = 3*o - l, v - b = -0*o + o. Is v a prime number?
False
Suppose -4*k - 47*h + 43*h + 58784 = 0, 0 = k - h - 14702. Is k composite?
False
Suppose -4650357 = -146*u + 6369577. Is u a composite number?
False
Let p(t) = -15283*t**2 - 2*t + 1. Let r be p(1). Is 4/((-30576)/r + -2) prime?
False
Let r = -19 - -23. Let o be (r/1)/(-8) - 109/(-2). Is (120/o - 2/9) + 1971 a composite number?
False
Suppose 1281*o + 295631743 = 1408*o. Is o composite?
True
Let x(k) be the first derivative of -10*k + 721/2*k**2 - 17. Is x(3) prime?
True
Let d(g) = -862*g - 93 - 55 + 422*g + 47. Is d(-6) a composite number?
False
Is -2 + (-136)/(-66) + 94505104/528 a prime number?
True
Let v = 158 + -488. Suppose z + 2110 = 2299. Let f = z - v. Is f a composite number?
True
Let h be (-12)/(-10)*(-180)/27. Let f be (-5)/(140/h) - 1223876/(-14). Is f/90 + ((-2)/(-6))/(-1) composite?
False
Suppose 24*y - 284552 = 143728. Suppose 0 = 5*j - 2*c - y, 4*j + 5*c - 11080 = 3229. Is j composite?
False
Let c(q) be the first derivative of 304*q**4 - q**3/3 + 2*q + 12. Is c(1) prime?
True
Let x(a) = 2*a + 33. Let o be x(-16). Let u be (-7 + -10)*6*o. Let y = u + 361. Is y composite?
True
Let f = 31413 + -23059. Is f a composite number?
True
Let z be 540 - (1/5)/((-1)/5). Let b = 330 - 620. Let g = b + z. Is g a composite number?
False
Suppose -z = -2*z - 14. Let n = z - -20. Suppose -n*t - 1191 = -9*t. Is t prime?
True
Let s(g) = 22*g**2 + 129*g - 4937. Is s(-206) a prime number?
False
Let i = -49526 + 120279. Is i prime?
True
Let j(n) = 57146*n - 715. Is j(1) a composite number?
False
Let f be 9/72 - 28/(-32). Is (f - 5) + 1845 + 0 composite?
True
Let r(o) = 1685*o + 7. Let c be -3*1 + (-8)/(-4) - -3. Is r(c) a prime number?
False
Let f(k) = k**3 + 2*k**2 + 3217. Let m = -130 + 130. Is f(m) a composite number?
False
Let g(y) = -54 - 43 - 55*y**2 - 112 + 58*y**2. Is g(-34) a prime number?
True
Let w be (-2)/2 + (4 - -3). Suppose 28 = -4*r + w*r. Suppose -15*y + r*y = -1703. Is y composite?
True
Let z be 8 + 8*5/(-10). Let n(t) = -11 - z + 97*t + 21. Is n(11) composite?
True
Suppose k - 239 = -2*p - 62, -81 = -p + k. Let v = p - 82. Is 0 + v/(-10) + (-54936)/(-40) composite?
False
Is (57/9)/(4*(-7)/(-261156)) composite?
True
Let a(w) = 26*w**2 - 4*w + 4. Let f be a(6). Let l(p) = -16*p**2 + 6*p - 13. Let i be l(4). Let c = f + i. Is c composite?
True
Let n(h) = -h**2 - 4*h. Let y be n(0). Suppose 4*w = -5*p, y = -2*p - 4*w + 3*w. Suppose -2*b + 2*v + 3931 = v, p = 2*b - 4*v - 3922. Is b prime?
False
Let l(r) = -r + 5. Let b be l(9). Let x(i) = -14*i + 5. Let q(k) = 28*k - 11. Let u(v) = b*q(v) - 9*x(v). Is u(16) a prime number?
True
Suppose -3*v = 4*d - 414, 0*v - 3*v = -6. Is -33 + 32 - -150*d a composite number?
False
Let b = 232170 - -164407. Is b composite?
False
Suppose 5*j + 5*p + 21 = 61, 2*j - 3*p + 4 = 0. Suppose 0 = 2*z - 3*b - 16996, j*z - 25453 = -b + 8553. Is z prime?
True
Let a be (-47946)/(-24) + 1/4. Let p = a - 1169. Let m = 1460 - p. Is m composite?
False
Suppose 3*r = -3*x + 42, -x = -2*r - 0 + 1. Suppose -34 + x = -5*l, -l = -2*c - 1. Is c/(-3) - (15376/(-6) - 1) a composite number?
True
Let t be ((-6)/4)/(129/(-60) + 2). Suppose t*g = 11*g - 1257. Suppose 2316 = 9*a - g. Is a a prime number?
True
Let d(h) = 2*h**2 - 2*h - 2. Let q be d(2). Is (-7 + 10)*q - -2573 prime?
True
Let p = -108 - -111. Suppose -2*x = -p*f - 2 + 17, 5 = 3*x + f. Suppose x = -94*h + 98*h - 6844. Is h composite?
True
Suppose -64*g = -67*g - 66. Let o(a) = -a**3 - 13*a**2 + 88*a + 53. Is o(g) a composite number?
False
Suppose 6*z = 8*z - 4. Suppose -7*y = -z*y. Suppose y = 2*c - 145 - 123. Is c a prime number?
False
Suppose 4*v - 2*t + 772 = 7*v, 2*t = 4. Suppose x = v - 65. Let r = -32 + x. Is r composite?
True
Let p = -91 + 91. Suppose -l - 4*z + 1701 = p, 0 = -4*l + 2*z + 155 + 6613. Is l composite?
False
Let d = -536 - -541. Suppose -36829 = d*w - 18*w. Is w prime?
True
Let o(g) = -665*g + 23. Let j be o(-7). Suppose 4*y - j = 10638. Is y composite?
True
Suppose 0 = -5*f + 11 + 14. Suppose -3*d + 5*u - 29 = 11, -10 = d - f*u. Is (-158)/(3/(d/10)) composite?
False
Let r(i) = -2*i - 1. Let u be r(-2). Suppose -3*o + 474 = -u*a, 5 = o - 2*a - 152. Is o prime?
False
Suppose -17 - 3 = 5*s. Is (2/(-4))/(s + 1047/262) composite?
False
Let v be ((-3)/2)/(4395/1098 - 4). Let o = 1623 + v. Suppose 3*q = 3 + o. Is q a composite number?
False
Suppose b + 875695 = 4*g, -3*g + b - 126532 + 783304 = 0. Is g prime?
True
Suppose 0 = y - 17 - 35. Let z = y + -47. Suppose -411 = -z*h + 1624. Is h a composite number?
True
Let i be (2/3)/(26/(-663)). Let w be 3417/i*4/3. Let f = -137 - w. Is f a composite number?
False
Let q(y) = y**3 - 35*y**2 + 3*y - 108. Let o be q(35). Let n(f) = 145*f**2 - 19*f - 29. Is n(o) prime?
False
Let k = -192 - -198. Suppose s + k*t - 199 = 2*t, 3*s - 575 = -t. Is s a prime number?
True
Is (-2 + (-8)/(-3))/((-42)/(-7710381)) a prime number?
True
Suppose 6*o - 74 + 44 = 0. Suppose 0 = -o*x + 5*f + 4600, -x + 5*x - f = 3677. Is x composite?
False
Let r(y) = -y**3 + 6*y**2 - 10*y + 10. Let x be r(4). Suppose -x*c + 5 = -11. Let k(n) = 136*n - 19. Is k(c) prime?
True
Let k(x) = -2*x**3 - x + 1. Let z(l) = 69*l**3 + 4*l**2 + 18*l + 47. Let s(h) = -2*k(h) - z(h). Is s(-8) a prime number?
False
Let j(p) = -3*p**3 - p**2 - p - 1. Let s be j(-1). Suppose s*l = 2*b - 4140 - 1708, -b = 4*l - 2909. Is b composite?
True
Let k(g) = -713*g + 154. Let l be k(-13). Let c = 14144 - l. Is c composite?
False
Let s(b) = 2*b**2 + 4*b - 2. Let v be s(2). Let w be (-1118)/(-301) + 0 + 4/v. Is (-2 + 267 + w)*1 prime?
True
Let m = 7332 - -7337. Is m a prime number?
True
Let i = -9599 + 18772. Is i prime?
True
Let n be (79986/(-4))/((21/2)/(-21)). Let i = -27112 + n. Is i a composite number?
True
Suppose b - 2*y = 23646, -b - 4*b = -4*y - 118242. Suppose 6*s + b = s. Is 2/(-8) - s/40 a composite number?
True
Suppose 9*q - b - 44390 - 84938 = 0, -57497 = -4*q + 3*b. Is q prime?
True
Let i(f) = 71 - 671*f + 234*f - 552*f + 164*f. Is i(-10) a composite number?
True
Is (25580570/(-60) - (-2)/6)*-2 composite?
True
Let h be (0 - -5) + (46 - 17). Suppose -h*j = -46*j + 107988. Is j a prime number?
True
Suppose -3*r - f - f + 11 = 0, 5*r - 10 = 5*f. Suppose 2667 = -0*k + r*k. Is k a prime number?
False
Suppose 571316 = -189*k + 193*k - 8*i, i = k - 142833. Is k a prime number?
True
Let s(l) be the first derivative of 95*l**3 + 3*l**2 - 30*l + 14. Let z be s(-6). Suppose -4*m + 16 = 0, 0 = -5*x - 5*m + z - 669.